prime factors of d(-13)?
2, 11
Suppose 2*i + 2*j - 8 = 0, -4*j - 22 = -4*i - 6. Suppose -5*n = -i*n - 2*u - 35, -4*n - 3*u = -140. Let v = n + -21. List the prime factors of v.
2, 7
Let h be 3/(9/(-23))*-3. Suppose 3*q + 56 = 2*a + 2*a, a - h = 3*q. What are the prime factors of (-5 - -3)/((-2)/a)?
11
Let w(x) be the third derivative of x**7/5040 + x**6/80 + x**5/20 + 3*x**2. Let g(o) be the third derivative of w(o). What are the prime factors of g(0)?
3
Let g(t) = -t**3 - 3*t**2 + 5*t + 3. Let h be g(-4). Let j = 3 + h. What are the prime factors of j?
2
Suppose 0*l + 12 = 4*l. Let j(a) = a - 1. What are the prime factors of j(l)?
2
Let h be (-1)/((-31)/(-10) - 3). Let m = 6 - h. List the prime factors of m.
2
Let w = -20 - -18. Let u(x) = -14*x - 2. What are the prime factors of u(w)?
2, 13
Let g = -35 + 72. What are the prime factors of g?
37
Let y(x) = -x - 8. Let s be y(-6). Let w be s/(-8) + 55/4. Suppose 10 = 3*p - w. List the prime factors of p.
2
Suppose b + 3*u - 6 = -b, b = 2*u + 17. Let k = b - 5. Suppose 12 - 56 = -k*f. What are the prime factors of f?
11
Suppose 5*g - 29 + 5 = 2*u, -2*u + 12 = 4*g. What are the prime factors of g?
2
Let p = 40 - -148. What are the prime factors of p?
2, 47
Suppose 2*k = -6 + 20. Let n = 9 + k. Suppose -4*u = -4*f - 32, 2*f + n = 6*f. What are the prime factors of u?
2, 3
Let r(h) = -98*h**3 - 2*h**2 - 4*h - 3. List the prime factors of r(-1).
97
Let j(x) = x**2 - x + 1. Let q be j(2). Suppose -5*y - 25 = 0, -93 = -4*k - 0*y - q*y. What are the prime factors of k?
3
Suppose 0 = -3*b + 1 + 5. Suppose 5*p - 23 = b*d, -3*p - 4*d - 3 - 4 = 0. List the prime factors of p.
3
Let f(p) = -p. Let g(i) = -i - 3. Let r(b) = -6*f(b) - g(b). List the prime factors of r(2).
17
Let j(g) = 5*g - 3*g**2 + 3 + 2*g**2 - 5 + 5. List the prime factors of j(5).
3
Let m be (4/3)/((-6)/(-27)). Let w be 2/(-1) + (m - 2). Let j(b) = b**3 - b**2 + b + 2. List the prime factors of j(w).
2
Suppose 0 = -3*n - 5*h + 115, 3*h = h - 8. Let f = -24 + n. List the prime factors of f.
3, 7
Let x(b) = b**2 + 2 + 0 - 8*b - 2 + 6. What are the prime factors of x(9)?
3, 5
Let w be (-2)/8 - 180/(-16). Suppose -29 = -5*x + w. List the prime factors of x.
2
Let j be 2/(-6)*(3 - 6). Let f = 4 + j. What are the prime factors of (-2)/f - 32/(-5)?
2, 3
Suppose 5*p - 6*p = -5*j + 70, -5*j + 40 = 5*p. List the prime factors of j.
13
Let d(h) = 3*h**2 - h - 2. Let n be d(2). Let f = n - 1. What are the prime factors of f + -1 - (3 - 4)?
7
Let c(l) be the second derivative of l**5/20 + 11*l**4/12 - l**3/2 - 6*l**2 - 4*l. What are the prime factors of c(-11)?
3, 7
Let z be (-2 + -4)*58/(-4). Suppose -4*g - z = -3*i, 2*g = 4*i - i - 81. What are the prime factors of i?
5
Suppose 6 = -5*f + 7*f. Let p be (1 - 24/(-9))*f. Let c = 19 - p. List the prime factors of c.
2
Let k(q) = 23*q**2 + q + 1. Let v be k(-1). Let f = 60 - v. List the prime factors of f.
37
Let f be (-5)/(-3)*(3 + 3). Let p = -7 + f. What are the prime factors of p?
3
Let i(g) = 2*g - 1. Let m = 24 - 17. What are the prime factors of i(m)?
13
Let k = 48 + -13. List the prime factors of k.
5, 7
Suppose -h + 32 = 5*w, -2*w + 135 = 2*h + 47. What are the prime factors of h/5 - 21/(-35)?
2, 5
Suppose 5*r - 30 = -5*y, r - 2*y = 3 - 12. Let g = 5 - r. Suppose 9 = g*n + 4*j - 11, 3*j - 3 = 3*n. List the prime factors of n.
2
Suppose -13*d = -16*d + 204. List the prime factors of d.
2, 17
Suppose 3*u = -3*n + 45, -2*n + 36 = -0*n + 5*u. Let h = n + -21. What are the prime factors of (h/(-6))/((-4)/(-6))?
2
Let f(s) = s - 5. Let v be f(10). Suppose 23 = 5*p - 4*x, 4*p = v*x + 5 + 17. List the prime factors of p.
3
Let k(j) = -6*j**3 - 40*j**2 - 45*j + 39. Let u(p) = p**3 + 8*p**2 + 9*p - 8. Let n(f) = -2*k(f) - 11*u(f). List the prime factors of n(9).
2, 5
Let v(f) = 3*f - 1. Let x be v(1). Suppose 5*a - a - 116 = 4*p, x*p = 6. What are the prime factors of a?
2
Suppose q - 3*f = 6 + 10, -5*q - 3*f = -98. List the prime factors of q.
19
Let h = -15 + 9. Let n(a) = a**2 + 4*a - 2. List the prime factors of n(h).
2, 5
Let t = 77 + -23. What are the prime factors of t?
2, 3
Let p = 125 + -46. List the prime factors of p.
79
Suppose 4*o - 20 = -3*v + 3, -4*v + o + 18 = 0. Suppose v*g - 35 = -4*y, 3*g = -y + 3*y - 1. What are the prime factors of g?
3
Suppose -588 = 4*c - 7*c. What are the prime factors of c?
2, 7
Let k be 6*((-2)/4 - -2). Let d(s) = 2 - s**2 + 1 + 9*s + 1. List the prime factors of d(k).
2
Let u = -12 + 129. What are the prime factors of u?
3, 13
Suppose -7 = 4*f + 41. What are the prime factors of f - -57 - 8/(-2)?
7
Suppose -18 + 62 = a - 4*y, -3*y + 110 = 2*a. List the prime factors of a.
2, 13
Let d(s) be the third derivative of s**5/60 + 3*s**4/8 - s**3 - 4*s**2. List the prime factors of d(-10).
2
Let i(s) = -8*s - 34. List the prime factors of i(-7).
2, 11
Let v(l) = -l**2 + 6*l - 2. Let d be v(5). Suppose -4*q - 5*w + 75 = -0*w, d*w = 5*q - 66. List the prime factors of q.
3, 5
Suppose 0*u + 3 = -3*u. Let p be 3 + -1 - u/1. Suppose -4*j = -p*d - 33, 0 = -4*j - 3*d + 14 + 25. What are the prime factors of j?
3
Let j(t) = t**3 + 12*t - 12 + 5*t**2 + 9*t**2 - 3*t**2. List the prime factors of j(-9).
2, 3, 7
Let q(a) = -a**3 + 2*a**2 + 2*a - 4. Let s be q(4). What are the prime factors of -2 - s - 2*1?
2, 3
What are the prime factors of 270/(-36)*84/(-10)?
3, 7
Suppose 22 + 4 = t. What are the prime factors of t?
2, 13
Suppose -3*p + 2*n + 1013 = 0, -n + 675 = 2*p - 2*n. List the prime factors of p.
337
Suppose 0 = 2*l - 0*l - 88. Let v = -13 + l. List the prime factors of v.
31
Suppose -2*j = -3*l + 855, -2*l + j - 3*j + 570 = 0. What are the prime factors of l?
3, 5, 19
Suppose -3*k - k + 28 = 0. Let b = 12 - k. List the prime factors of b.
5
Let d(f) = -19*f**3 - 3*f**2 + f - 4. Let b be d(4). Let x be b/(-18) + 4/(-18). Suppose 5*c - x = -0*t + 2*t, 4*c - 38 = -2*t. List the prime factors of c.
2, 3
Suppose -12 = -3*p + g, 0 = 2*p - 3*g - 1. List the prime factors of (15/(-6))/p*-34.
17
Let s(u) = -u**3 + 2*u**2 + 5*u - 4. Let j be s(3). Let k = 20 - 16. Suppose a - i - i + 2 = 0, -42 = -k*a - j*i. What are the prime factors of a?
2
Let p(f) = -2*f - 1. What are the prime factors of p(-5)?
3
Let u = -3 + 10. Suppose 5*z = 4*n + 35, 5*z + 5*n - u = -17. Suppose z*a - 4 = 2*a + 2*m, -3*m - 11 = -4*a. List the prime factors of a.
2
Suppose -4*t - 40 = -0*t. Let l be (-8)/(-20) - 736/t. Suppose -4*k + y + l = 3*y, -130 = -5*k + 5*y. What are the prime factors of k?
3, 7
Suppose -3*g + 141 = -0*j + 3*j, 0 = -2*j + g + 88. What are the prime factors of j?
3, 5
Let f(a) = -a**2 + 9*a - 5. Let r(i) = 2*i. Let d be r(4). Let h be f(d). Suppose t + 49 = 5*o, -h*o - 9 + 43 = 4*t. What are the prime factors of o?
2, 5
Let v(j) = -j + 9. Let m = 10 + -14. List the prime factors of v(m).
13
Let r(w) = w**2 - 5*w - 42. List the prime factors of r(-17).
2, 83
Let m(z) = -6*z + 4. List the prime factors of m(-5).
2, 17
Suppose -5*l - 229 = -2*k - 60, -4*k + 311 = -l. What are the prime factors of k?
7, 11
Suppose u = 2*f - 71, -f - 8*u + 49 = -4*u. What are the prime factors of f?
37
Let g = -28 + 114. List the prime factors of g.
2, 43
Suppose 0 = 14*t + 8*t - 8954. List the prime factors of t.
11, 37
Let v(d) = -d**2 + 7*d - 2. Let a be v(6). Suppose -24 = -2*m - 4*b, 3*b - 21 = -a*m + 22. List the prime factors of m.
2, 5
Let h be (-6)/33 - 260/22. Let z be h/(-8)*4/3. What are the prime factors of -2*(1 + 0 - z)?
2
Suppose 10 = -5*n + 4*n - a, -2*a + 8 = 0. List the prime factors of (24/n)/((-2)/7).
2, 3
Suppose 0 = 2*z + 5 - 13. List the prime factors of z.
2
Let h be (0*(-3)/6)/(-1). Suppose k + m + 0*m - 38 = 0, h = k + 2*m - 36. Suppose 0 = 2*d + 2*u - 22, 5*d - 3*u - 111 = -k. What are the prime factors of d?
13
Suppose -570 = -5*k - 5*k. List the prime factors of k.
3, 19
Let m(q) = -q**3 + 3*q**2 + q + 3. Let v be m(3). Let w = -8 + v. What are the prime factors of (20/(-6))/(w/6)?
2, 5
Let v(c) = -c**2 + c + 2. Let d be v(0). Suppose q - 113 = 4*g, 3*q = -d*q + 5. Let h = g - -39. List the prime factors of h.
11
Let f(h) be the third derivative of -h**4/6 + h**3/6 + 2*h**2. List the prime factors of f(-1).
5
Let y = 88 - 40. List the prime factors of y.
2, 3
Let p(f) = -2*